{"id":156,"date":"2015-04-12T17:09:48","date_gmt":"2015-04-12T16:09:48","guid":{"rendered":"http:\/\/www.faszination-pferdundreiterverstehen.de\/?page_id=156"},"modified":"2025-12-18T10:02:33","modified_gmt":"2025-12-18T09:02:33","slug":"kurse-und-veranstaltungen","status":"publish","type":"page","link":"http:\/\/www.faszination-pferdundreiterverstehen.de\/?page_id=156","title":{"rendered":"Kurse und Veranstaltungen"},"content":{"rendered":"\n<p>Kursplan 2026 steht:<\/p>\n\n\n\n<p><\/p>\n\n\n\n<p>30.5. <a href=\"https:\/\/www.facebook.com\/groups\/495363917639400\/user\/61575132814522\/?__cft__[0]=AZZv3zPiJ_LoqBeDhpoxOSBGsApQCJspr06paukctGVvs9VjGW_izkwVohKsic7gySyqDmruwwif4V3IQ-RROHsw6WGxTvQAK8jD4c7zs54TTIyml1jdUy6MXNmo4BY4GYZv214MyOjXnN1PJTITEX-fHBegnAEca1flBv7th6M-d0SoZhJTKAYeAW5Q7TWPgIU&amp;__tn__=-]K-y-R\">Horsetrail Im Winkel<\/a> , 24800 Elsdorf- Westerm\u00fchlen <\/p>\n\n\n\n<p>26.7. Horsetrail im Winkel, 24800 Elsdorf- Westerm\u00fchlen <\/p>\n\n\n\n<p>29.8. Horsetrail im Wink, 24800 Elsdorf- Westerm\u00fchlenen<\/p>\n\n\n\n<p>5.9. W\u00fcnsche- dir- was- Kurs in Gro\u00df Gr\u00f6nau<\/p>\n\n\n\n<p>Trainingstage in Eggebek ( in Planung)<\/p>\n\n\n\n<p><\/p>\n\n\n\n<p>Der Horsetrail kann gef\u00fchrt, vom Boden aus gefahren oder geritten genutzt werden. Wer den Trail nicht nutzen m\u00f6chte, kann pferdgerechten, der Biodynamik des Pferdes entsprechenden Reitunterricht oder Bodenarbeit oder Longen- und Doppelllongenunterricht, Arbeit an der Hand, Sitzschulung oder Stangentraining bei mir buchen.<\/p>\n\n\n\n<p><\/p>\n\n\n\n<p>Im Winterhalbjahr k\u00f6nnt ihr Online Unterricht buchen, im Sommer komme ich auch zu euch in den Stall.<\/p>\n\n\n\n<p><\/p>\n\n\n\n<p>Jedes Pferd- Reiter -Team erh\u00e4lt vormittags und nachmittags jeweils 30 min Einzelunterricht und wird auf seinem Leistungsstand abgeholt. Ich freue mich auf einen tollen Kurs mit euch.<br>Preis 80\u20ac plus Anlagennutzung. Anmeldung und Fragen unter 01601847686 oder meike.rohwedder@gmx.de<\/p>\n\n\n\n<p><\/p>\n\n\n\n<p><\/p>\n","protected":false},"excerpt":{"rendered":"<p>Kursplan 2026 steht: 30.5. Horsetrail Im Winkel , 24800 Elsdorf- Westerm\u00fchlen 26.7. Horsetrail im Winkel, 24800 Elsdorf- Westerm\u00fchlen 29.8. Horsetrail im Wink, 24800 Elsdorf- Westerm\u00fchlenen 5.9. W\u00fcnsche- dir- was- Kurs in Gro\u00df Gr\u00f6nau Trainingstage in Eggebek ( in Planung) Der Horsetrail kann gef\u00fchrt, vom Boden aus gefahren oder geritten genutzt werden. Wer den Trail nicht [&hellip;]<\/p>\n","protected":false},"author":1,"featured_media":0,"parent":0,"menu_order":0,"comment_status":"closed","ping_status":"closed","template":"","meta":[],"_links":{"self":[{"href":"http:\/\/www.faszination-pferdundreiterverstehen.de\/index.php?rest_route=\/wp\/v2\/pages\/156"}],"collection":[{"href":"http:\/\/www.faszination-pferdundreiterverstehen.de\/index.php?rest_route=\/wp\/v2\/pages"}],"about":[{"href":"http:\/\/www.faszination-pferdundreiterverstehen.de\/index.php?rest_route=\/wp\/v2\/types\/page"}],"author":[{"embeddable":true,"href":"http:\/\/www.faszination-pferdundreiterverstehen.de\/index.php?rest_route=\/wp\/v2\/users\/1"}],"replies":[{"embeddable":true,"href":"http:\/\/www.faszination-pferdundreiterverstehen.de\/index.php?rest_route=%2Fwp%2Fv2%2Fcomments&post=156"}],"version-history":[{"count":104,"href":"http:\/\/www.faszination-pferdundreiterverstehen.de\/index.php?rest_route=\/wp\/v2\/pages\/156\/revisions"}],"predecessor-version":[{"id":566,"href":"http:\/\/www.faszination-pferdundreiterverstehen.de\/index.php?rest_route=\/wp\/v2\/pages\/156\/revisions\/566"}],"wp:attachment":[{"href":"http:\/\/www.faszination-pferdundreiterverstehen.de\/index.php?rest_route=%2Fwp%2Fv2%2Fmedia&parent=156"}],"curies":[{"name":"wp","href":"https:\/\/api.w.org\/{rel}","templated":true}]}}